{"id":373,"date":"2025-05-22T12:19:57","date_gmt":"2025-05-22T12:19:57","guid":{"rendered":"https:\/\/soraya.dicorella-projects.com\/?page_id=373"},"modified":"2025-05-25T12:36:40","modified_gmt":"2025-05-25T12:36:40","slug":"373-2","status":"publish","type":"page","link":"https:\/\/soraya.dicorella-projects.com\/?page_id=373","title":{"rendered":"CONTACTO"},"content":{"rendered":"\n<h3 class=\"wp-block-heading has-text-color has-link-color has-medium-font-size wp-elements-3807e48f7aaf103490bf7be1220748b0\" style=\"color:#009f8f\"><strong>CONTACTO<\/strong><\/h3>\n\n\n\n<!DOCTYPE html>\n<html lang=\"es\">\n<head>\n  <meta charset=\"UTF-8\">\n  <title>Formulario de Contacto<\/title>\n  <style>\n    body {\n      background: #f4f4f4;\n      font-family: Arial, sans-serif;\n    }\n    .contact-form {\n      background: #f4f4f4;\n      max-width: 600px;\n      margin: 40px auto;\n      padding: 40px 30px 30px 30px;\n      box-sizing: border-box;\n      border-radius: 8px;\n    }\n    .form-row {\n      display: flex;\n      gap: 30px;\n      margin-bottom: 16px;\n    }\n    .form-group {\n      flex: 1;\n      display: flex;\n      flex-direction: column;\n    }\n    label {\n      font-size: 15px;\n      margin-bottom: 8px;\n      color: #222;\n    }\n    input, textarea {\n      background: transparent;\n      border: none;\n      border-bottom: 2px solid #49b8b0;\n      padding: 7px 5px 5px 0;\n      font-size: 15px;\n      color: #222;\n      outline: none;\n      margin-bottom: 16px;\n      resize: none;\n      transition: border-color 0.2s;\n    }\n    input:focus, textarea:focus {\n      border-bottom: 2px solid #208b84;\n    }\n    textarea {\n      min-height: 50px;\n      max-height: 120px;\n    }\n    .submit-btn {\n      display: block;\n      width: 100%;\n      border: none;\n      background: transparent;\n      color: #27a79a;\n      font-weight: bold;\n      font-size: 22px;\n      cursor: pointer;\n      margin-top: 20px;\n      letter-spacing: 1px;\n      transition: color 0.2s;\n    }\n    .submit-btn:hover {\n      color: #1e7e73;\n    }\n    @media (max-width: 600px) {\n      .form-row {\n        flex-direction: column;\n        gap: 0;\n      }\n    }\n  <\/style>\n<\/head>\n<body>\n  <form class=\"contact-form\">\n    <div class=\"form-row\">\n      <div class=\"form-group\">\n        <label for=\"nombre\">Nombre completo*<\/label>\n        <input type=\"text\" id=\"nombre\" name=\"nombre\" required>\n      <\/div>\n      <div class=\"form-group\">\n        <label for=\"telefono\">N\u00famero de tel\u00e9fono<\/label>\n        <input type=\"tel\" id=\"telefono\" name=\"telefono\">\n      <\/div>\n    <\/div>\n    <div class=\"form-group\">\n      <label for=\"correo\">Direcci\u00f3n de correo electr\u00f3nico*<\/label>\n      <input type=\"email\" id=\"correo\" name=\"correo\" required>\n    <\/div>\n    <div class=\"form-group\">\n      <label for=\"proyecto\">Cu\u00e9ntame sobre tu proyecto<\/label>\n      <textarea id=\"proyecto\" name=\"proyecto\" rows=\"3\"><\/textarea>\n    <\/div>\n    <button class=\"submit-btn\" type=\"submit\">ENVIAR AHORA<\/button>\n  <\/form>\n<\/body>\n<\/html>\n\n\n\n<div class=\"wp-block-columns is-layout-flex wp-container-core-columns-is-layout-28f84493 wp-block-columns-is-layout-flex\">\n<div class=\"wp-block-column is-layout-flow wp-block-column-is-layout-flow\"><\/div>\n<\/div>\n\n\n\n<p><\/p>\n","protected":false},"excerpt":{"rendered":"<p>CONTACTO Formulario de Contacto Nombre completo* N\u00famero de tel\u00e9fono Direcci\u00f3n de correo electr\u00f3nico* Cu\u00e9ntame sobre tu proyecto ENVIAR AHORA<\/p>\n","protected":false},"author":1,"featured_media":0,"parent":0,"menu_order":0,"comment_status":"closed","ping_status":"closed","template":"","meta":{"site-sidebar-layout":"default","site-content-layout":"","ast-site-content-layout":"","site-content-style":"default","site-sidebar-style":"default","ast-global-header-display":"","ast-banner-title-visibility":"","ast-main-header-display":"","ast-hfb-above-header-display":"","ast-hfb-below-header-display":"","ast-hfb-mobile-header-display":"","site-post-title":"disabled","ast-breadcrumbs-content":"","ast-featured-img":"","footer-sml-layout":"","theme-transparent-header-meta":"","adv-header-id-meta":"","stick-header-meta":"","header-above-stick-meta":"","header-main-stick-meta":"","header-below-stick-meta":"","astra-migrate-meta-layouts":"default","ast-page-background-enabled":"default","ast-page-background-meta":{"desktop":{"background-color":"var(--ast-global-color-5)","background-image":"","background-repeat":"repeat","background-position":"center center","background-size":"auto","background-attachment":"scroll","background-type":"","background-media":"","overlay-type":"","overlay-color":"","overlay-opacity":"","overlay-gradient":""},"tablet":{"background-color":"","background-image":"","background-repeat":"repeat","background-position":"center center","background-size":"auto","background-attachment":"scroll","background-type":"","background-media":"","overlay-type":"","overlay-color":"","overlay-opacity":"","overlay-gradient":""},"mobile":{"background-color":"","background-image":"","background-repeat":"repeat","background-position":"center center","background-size":"auto","background-attachment":"scroll","background-type":"","background-media":"","overlay-type":"","overlay-color":"","overlay-opacity":"","overlay-gradient":""}},"ast-content-background-meta":{"desktop":{"background-color":"var(--ast-global-color-4)","background-image":"","background-repeat":"repeat","background-position":"center center","background-size":"auto","background-attachment":"scroll","background-type":"","background-media":"","overlay-type":"","overlay-color":"","overlay-opacity":"","overlay-gradient":""},"tablet":{"background-color":"var(--ast-global-color-4)","background-image":"","background-repeat":"repeat","background-position":"center center","background-size":"auto","background-attachment":"scroll","background-type":"","background-media":"","overlay-type":"","overlay-color":"","overlay-opacity":"","overlay-gradient":""},"mobile":{"background-color":"var(--ast-global-color-4)","background-image":"","background-repeat":"repeat","background-position":"center center","background-size":"auto","background-attachment":"scroll","background-type":"","background-media":"","overlay-type":"","overlay-color":"","overlay-opacity":"","overlay-gradient":""}},"footnotes":""},"class_list":["post-373","page","type-page","status-publish","hentry"],"_links":{"self":[{"href":"https:\/\/soraya.dicorella-projects.com\/index.php?rest_route=\/wp\/v2\/pages\/373","targetHints":{"allow":["GET"]}}],"collection":[{"href":"https:\/\/soraya.dicorella-projects.com\/index.php?rest_route=\/wp\/v2\/pages"}],"about":[{"href":"https:\/\/soraya.dicorella-projects.com\/index.php?rest_route=\/wp\/v2\/types\/page"}],"author":[{"embeddable":true,"href":"https:\/\/soraya.dicorella-projects.com\/index.php?rest_route=\/wp\/v2\/users\/1"}],"replies":[{"embeddable":true,"href":"https:\/\/soraya.dicorella-projects.com\/index.php?rest_route=%2Fwp%2Fv2%2Fcomments&post=373"}],"version-history":[{"count":14,"href":"https:\/\/soraya.dicorella-projects.com\/index.php?rest_route=\/wp\/v2\/pages\/373\/revisions"}],"predecessor-version":[{"id":541,"href":"https:\/\/soraya.dicorella-projects.com\/index.php?rest_route=\/wp\/v2\/pages\/373\/revisions\/541"}],"wp:attachment":[{"href":"https:\/\/soraya.dicorella-projects.com\/index.php?rest_route=%2Fwp%2Fv2%2Fmedia&parent=373"}],"curies":[{"name":"wp","href":"https:\/\/api.w.org\/{rel}","templated":true}]}}